 1566?
54
Let m(a) = 2*a - 12. Let s be m(0). Let t be ((-24)/s)/((-3)/(-2) + -1). Calculate the highest common factor of t and 28.
4
Suppose 35 = -29*y + 18595. Calculate the greatest common factor of y and 20.
20
Suppose 26 = 2*c - 3*a, 5*c = 5*a + 52 + 13. Suppose -1704 + 196 = -58*h. Calculate the greatest common factor of h and c.
13
Suppose 0 = 3*w - 10*w + 77. Let h = w + 2. Calculate the highest common factor of h and 26.
13
Let i be (-63)/(-14)*12/9. Suppose 66 = 5*m + i*m. What is the greatest common factor of 12 and m?
6
Let x(c) = c**3 - 7*c**2 - 12*c - 9. Let l be x(9). Suppose n + 13 = 31. What is the highest common divisor of l and n?
9
Let s(q) = -4*q**2 - 241*q - 54. Let r be s(-60). Suppose -y + 9 = -4*y. Let v be (-6)/(-9) - 16/y. What is the greatest common divisor of v and r?
6
Suppose 4*x + 340 = 3*l, x + l + 78 = -0*x. Let a = -52 - x. Calculate the greatest common factor of 120 and a.
30
Suppose 0 = -3*l + 6, 15*l - 11*l = -2*u + 50. What is the highest common factor of 3 and u?
3
Let l = 4 - 4. Suppose a + k - 4 = 0, l = -6*a + 4*a - 4*k + 10. Suppose -a*m + 24 = -27. Calculate the greatest common divisor of 119 and m.
17
Suppose 397 - 453 = -7*s. Let z(g) = g**2 + 3*g - 2. Let a be z(-3). Let m be (s - 18)*1/a. Calculate the highest common divisor of m and 20.
5
Let m = -1475 + 1541. What is the highest common factor of m and 4?
2
Let g(c) = 2*c - 14. Let d be g(8). Suppose 0*o + 112 = d*o. What is the greatest common factor of o and 140?
28
Suppose 3*b + 3*o - 4 = 2, 5*b - 3*o = 10. What is the greatest common divisor of 250 and b?
2
Let h be 15/10*(29 - -1). Suppose -2*s + 11 - 5 = 0. Suppose f - s*f + 36 = 0. What is the highest common factor of f and h?
9
Let l = -1085 + 1237. What is the highest common divisor of l and 57?
19
Let v(i) = 602*i**2 - i + 1. Let m be v(1). Suppose 4*o - 474 = -3*y, 5*o - y = -0*y + m. What is the greatest common factor of 48 and o?
24
Let x(f) = -3*f + 3. Let n be x(-1). Let c be 174/29*2/n*4. Suppose -4*w + 102 = 2*p, 5*p - 63 = -4*w + 2*w. What is the greatest common divisor of w and c?
8
Suppose -y + 4*y + s - 821 = 0, 12 = -3*s. What is the highest common divisor of y and 11?
11
Let g be ((-441)/4)/(-7) - (-6)/(-8). Suppose 8*d + g = 167. What is the highest common divisor of d and 38?
19
Let c(v) = 2*v**3 - 8*v**2 - v - 1. Let s be c(6). Suppose -a - 543 = -4*d, -d = -4*a + 5*a - s. What is the highest common factor of d and 17?
17
Let s(o) = -2*o**2 - 9*o + 4. Let d be s(-6). Let k be (48/d)/(20/(-490)). What is the greatest common divisor of 56 and k?
28
Let s(i) = -i. Let k(d) = 3. Let b(w) = -k(w) - 4*s(w). Let a be -1 - (-2)/((-4)/(-6)). Let q be b(a). Calculate the greatest common factor of q and 2.
1
Suppose 6*h + 109 = 241. Calculate the highest common divisor of 99 and h.
11
Suppose -p - 23 = -2*n - 4*p, -n + p + 9 = 0. Let a be n/15 + (-94)/(-3). Calculate the highest common divisor of a and 16.
16
Let q(x) = 2*x**2 - 18*x - 39. Let d be q(-10). Calculate the highest common factor of d and 62.
31
Let v(o) = 2*o + 6. Let b be v(-3). Suppose b = -s + 3*a + 48, 3*s + 3*a = -2*a + 130. Let u = -12 - -17. Calculate the highest common factor of u and s.
5
Let m(b) = -b**3 - 13*b**2 - 31*b + 14. Let p be m(-10). Suppose d + 3*d = 36. Calculate the greatest common divisor of d and p.
3
Let k = -20 - -62. Suppose 3*t + 216 = 2*m, 3*m - t = 197 + 120. What is the highest common divisor of k and m?
21
Let j be (-1)/3 + (-16)/24. Let n be 1/((j*3/42)/(-1)). What is the highest common divisor of n and 42?
14
Suppose 3*d = 3*w - 0*w + 15, -5*d + w = -37. Calculate the greatest common factor of 344 and d.
8
Let u be (520/16)/(-13)*(-10 + 4). What is the highest common divisor of 960 and u?
15
Let g be ((-28)/12 + 2)/(3/(-459)). Let v(j) = j + 7. Let b be v(10). Calculate the greatest common factor of b and g.
17
Suppose 5706 = 2*x + 4*x. Suppose -x = -4*j + h, 2*j + 4*h = 6*j - 948. Calculate the highest common factor of j and 34.
34
Let v(j) = j + 12. Let w be v(-9). Suppose f = -4*x + 114, w*x = 5*x + 2*f - 60. Calculate the highest common divisor of x and 4.
4
Suppose 0 = -2*v + 67 + 53. Let l = v - 49. Calculate the greatest common factor of l and 121.
11
Suppose 0 = -5*w + 4*m + 28, 2*m + m = -6. Calculate the greatest common factor of 15 and w.
1
Let s(p) = 7*p**2 + p - 21. Let u be s(3). Suppose 0 = -4*l + 29 + 7. What is the highest common divisor of u and l?
9
Let c = 47 + -52. Let x be c/(-1) - 90/(-10). What is the greatest common divisor of 98 and x?
14
Let c be (1/(-1))/((9/(-10))/(-9)). Let z be (-50)/20*92/c. Calculate the greatest common divisor of z and 207.
23
Suppose -4*a = 5*u - 57, 7*u - 4*u = -2*a + 35. Calculate the greatest common divisor of u and 13.
13
Suppose 0 = -355*p + 348*p + 1071. Calculate the greatest common factor of p and 408.
51
Suppose 0 = -2*j + 3*m + 36, 4*m - 2 = 2*j - 36. Calculate the highest common divisor of 273 and j.
21
Let z(s) = 33*s**2 - 2*s - 1. Suppose 4*w - 4*a - 16 = 0, 0*w + 14 = -4*w - 2*a. Let k be z(w). Calculate the highest common divisor of 85 and k.
17
Let m be 168/(-96)*(-1 + -31). Calculate the highest common divisor of 322 and m.
14
Let c(v) = -9*v**3 - 3*v**2 + 5*v + 7. Let j be c(-1). Calculate the greatest common factor of j and 40.
8
Let j(t) = 2*t**3 + 17*t**2 - 12*t + 21. Let w be j(-9). What is the greatest common divisor of 9 and w?
3
Suppose 28*c = 25*c + 33. Suppose 0 = -3*f + 76 + 23. What is the highest common factor of c and f?
11
Let z(d) = 0*d**2 - 3*d**2 - 2*d**2 + 4*d**2 - 6 - 11*d. Let m be z(-9). Calculate the greatest common divisor of m and 132.
12
Let g(k) = 9*k - 45. Let x be g(-14). Let b = x - -248. What is the greatest common factor of 22 and b?
11
Let j(s) = -11*s - 67. Let k be j(-10). What is the highest common factor of k and 86?
43
Let c(k) = -k**2 + 27*k - 5. Let s be c(22). What is the greatest common divisor of 63 and s?
21
Let b(k) = 38*k + 3. Let l be b(4). Suppose -4*j - 308 = 4*t, -158 = 14*j - 12*j + 4*t. Let p = l + j. What is the highest common divisor of p and 20?
20
Suppose -4*l = -5*r - 13, 7*l = 5*l + 4*r + 2. What is the greatest common factor of 1610 and l?
7
Let f(c) = c**2 + 17*c + 4. Let r be f(12). What is the highest common factor of 132 and r?
44
Let h(r) = r**2 - 2*r + 3. Let l be h(6). Suppose -4*y + v = -27, -5*y = 4*v - 3*v - l. What is the greatest common divisor of y and 6?
6
Let c(v) = 5*v - 15. Let x be c(6). Suppose -s + 5*s = 20. Suppose 0 = 3*u - s - 10. What is the highest common divisor of u and x?
5
Let l = 108 + -132. Let v = l + 30. Calculate the greatest common divisor of v and 4.
2
Suppose 0 = -m + 1 + 2. Let k(j) = -8 + 6*j**3 + 13*j**2 - 9*j**m - 6*j + 2*j**3. Let g be k(11). Calculate the greatest common factor of 21 and g.
21
Suppose 12*o - 7*o - 1500 = 0. What is the greatest common factor of o and 780?
60
Let q = -303 - -405. Calculate the greatest common divisor of q and 357.
51
Suppose 3*r - 122 = r. Let k = 191 - r. Suppose 5*w - k = 3*w. Calculate the greatest common divisor of w and 13.
13
Let p be (-6)/(-8)*(-130 - 2). Let f = p + 204. Let y = 46 + -31. What is the highest common divisor of y and f?
15
Let g be 155/(-55) + 1*(-2)/11. Let h be ((-4)/(-6))/(g/(-63)). What is the greatest common factor of 42 and h?
14
Let b = 5 - 9. Let z = b - -79. Let k = z + -51. What is the highest common divisor of 6 and k?
6
Let b be -16*5/((-3)/((-12)/(-16))). Let a = 3 - -2. What is the greatest common divisor of a and b?
5
Let l = -460 - -676. Calculate the greatest common divisor of l and 24.
24
Let v(y) = 2*y**3 + 3*y**2 - y - 2. Let l = -13 + 11. Let i be v(l). Let c be (-38)/i*(-8 - -10). What is the highest common divisor of 152 and c?
19
Suppose -2*t + 3 + 6 = 5*z, 5*t - 9 = z. Suppose -4*w + 1 + 4 = -s, -4*s + 5*w + 13 = 0. Calculate the greatest common factor of s and z.
1
Let z(q) = 21*q + 33. Let w be z(1). Calculate the greatest common factor of 27 and w.
27
Suppose -k = -6 + 12. Let h be 565/5 - k/(-2). What is the highest common factor of 22 and h?
22
Let d(u) = 2*u**2 + 6*u - 18. Let v = -37 + 46. Let x be d(v). What is the greatest common divisor of x and 22?
22
Suppose -133 - 205 = -3*p + r, 0 = -2*r - 4. Calculate the greatest c